 - y. What are the prime factors of k?
29
Let k be 141/(2 - 2/4). Suppose 0*c - c - k = 0. Let l = -65 - c. List the prime factors of l.
29
Let n(y) = y**2 - 2*y + 1. Let s be n(3). Suppose -558 = -s*c - 0*m - 2*m, 2*c + 3*m = 281. What are the prime factors of c?
139
Let l = 155 - 110. Let y be (l/15)/((-6)/(-10)). List the prime factors of y + -3 + -1 + 2.
3
Let j(z) = 258*z**2 - 12*z - 24. What are the prime factors of j(-2)?
2, 3, 43
Let c(u) = 35*u - 60. What are the prime factors of c(9)?
3, 5, 17
Let b(i) be the first derivative of -i**4/4 + 4*i**3 - i**2/2 - 11. Let j be b(12). Let o = 22 + j. What are the prime factors of o?
2, 5
Let c = 11 - 6. Let x(w) = -4*w - 6 - 2*w - c - 3. What are the prime factors of x(-6)?
2, 11
Suppose -3 = -2*p + 5, 0 = 4*u + 2*p. What are the prime factors of u/(8/(-68)*1)?
17
Let u(i) = -14*i + 5. Let y(t) = 24*t**3 - 2*t**2 - 2*t - 1. Let g be y(-1). Let p be 34/(-10) + (-10)/g. What are the prime factors of u(p)?
47
Suppose 2*f = 64*u - 68*u + 496, 2*u - 986 = -4*f. What are the prime factors of f?
2, 3, 41
Suppose -8 - 12 = -d. Suppose 7*i - d = 2*i. Suppose 4*j = -3*z + 5*z + 96, -j + 42 = i*z. List the prime factors of j.
2, 13
Let o = 7375 + -1642. What are the prime factors of o?
3, 7, 13
Suppose -22 = 2*t + 42. Let s be (t/20)/(8/(-20)). Let y(p) = 6*p - 2. List the prime factors of y(s).
2, 11
Let n(o) = -17*o + 1. Let g be (-9)/(-6) - (-3)/(-2). Suppose 0 = -3*f + 4*l - g - 18, -2*f = -l + 7. What are the prime factors of n(f)?
5, 7
Let x(t) = -3*t - 17. Let i be x(-7). Let g = -1 + 3. Suppose 0 = i*z + 4, g*y - 4*z - 69 = -z. What are the prime factors of y?
3, 11
Let w = 17 - 11. Let u be (-5)/(-3)*34596/310. What are the prime factors of u/4 + w/4?
2, 3
Suppose 78*q - 104256 = 46*q. What are the prime factors of q?
2, 3, 181
Suppose 4*m = 5*g + m - 5377, 3*m = -2*g + 2134. What are the prime factors of g?
29, 37
Let h be 2 - (9 - 9)*(-1)/(-2). Suppose 283 = h*g - 5*y, -y - 142 - 469 = -4*g. What are the prime factors of g?
2, 7, 11
Suppose s + 0*s + 5 = 0. List the prime factors of -4*s/40*274.
137
Suppose 0 = -2*t - 8 - 6. Let g = t - -11. What are the prime factors of g?
2
Suppose -21*j + 68332 + 21002 = 0. List the prime factors of j.
2, 3, 709
Suppose 94*t + 5889 = 97*t. What are the prime factors of t?
13, 151
Suppose -2*a + 4622 = 2*q, -a - 10 = -5. What are the prime factors of q?
2, 3, 193
Suppose 0 = -4*x - x + 90. Let b = x + -12. List the prime factors of 96/b + (-2 - 1).
13
Suppose -15*u = -13*u - 288. Suppose 7*f - 9*f = -u. What are the prime factors of f?
2, 3
Let s = 195 - 139. Suppose 5*h - 8 = 3*h. Suppose s + 16 = h*y. List the prime factors of y.
2, 3
Let m(b) = b**2 - 2*b + 993. List the prime factors of m(0).
3, 331
Suppose -v + 2*s + 267 = 0, 3*v - 799 = s + 4*s. List the prime factors of v.
263
Let f(d) = 3*d - 14. Let w = 18 + -12. Let l be f(w). Suppose 5*n + 273 = l*v, 6 = 7*n - 5*n. List the prime factors of v.
2, 3
Let i be -5*(-2 + -2*(-12)/15). List the prime factors of ((-32)/(-6))/(3/9*i).
2
Let a(s) = 67*s**2 - 13*s - 18. What are the prime factors of a(-2)?
2, 3, 23
Suppose 3*x + 7 = 4*x. Let t be x/4 - (-7)/28. Suppose -4*q = 4*p - 132, -t*q + 39 = 4*p - 25. List the prime factors of q.
2, 17
Let z(o) = 27*o**2 - 2*o - 3. Suppose -1 - 5 = 3*g. What are the prime factors of z(g)?
109
Let b(c) = c**3 + 2*c**2 - 2*c - 3. Let r be b(-2). Let g(n) = 3*n + 1. Let j be g(r). List the prime factors of 8/(-32) - (-101)/j.
5
Suppose -2*y + 8*y = 0. Suppose y = -u + 2, 3*u + u - 168 = -4*q. What are the prime factors of q?
2, 5
Suppose -h - 4 + 5 = 0. List the prime factors of (h - 9/2)/(41/(-1066)).
7, 13
What are the prime factors of ((-7276)/(-3))/(10/15)?
2, 17, 107
Suppose 42537 = 19*d - 30974. What are the prime factors of d?
53, 73
Let r(a) be the third derivative of -a**6/120 - a**5/30 + a**4/24 + a**3/2 + 19*a**2. Let y be (-3)/(-12) + 17/(-4). What are the prime factors of r(y)?
31
Let v = -27 - -32. Suppose 0 = -2*w + 64 + 268. Suppose -5*m = s + v, w = 5*s - 4*m + 46. List the prime factors of s.
2, 5
Suppose -51 = -3*j - 12. Let a = -13 + j. Suppose -5*c - 5 = a, 9*l + 2*c = 4*l + 128. List the prime factors of l.
2, 13
Let n(t) = -t**3 + 8*t**2 + 9*t + 10. Let p(o) = -2*o + 3. Let d be p(-3). What are the prime factors of n(d)?
2, 5
Suppose a = -4*a - 2*l - 127, -3*a + l - 85 = 0. Let m = a + 34. Let n = 6 + m. What are the prime factors of n?
13
Let q = -197 - -933. What are the prime factors of q?
2, 23
Let d(j) = -14*j**2 - 5*j + 5. Let k be d(-5). Let a be (k/(-48))/((-2)/(-3)). Suppose -a = -5*s + 3*b + 38, -5*s + 5*b = -50. What are the prime factors of s?
3
Let b = 381 + -259. What are the prime factors of b?
2, 61
Let y(z) = -z**3 - 14*z**2 - 10*z + 20. Let v be y(-15). Let i = -164 + v. List the prime factors of i.
3, 7, 11
Let i(j) = j**2 - j - 3. Let w be i(-2). Let a(d) = -3*d**2 + d - 2. Let n be a(w). Let z = -16 - n. List the prime factors of z.
2, 5
Let y(g) = -176*g + 2. Let s be y(-3). Let k = s + -358. List the prime factors of k.
2, 43
Let d(o) = o - 29 + 3*o - 17. What are the prime factors of d(16)?
2, 3
Suppose 0 = 5*k - 5, -1730 = -5*s - 5*k - 0*k. Suppose -11*z = -6*z - s. What are the prime factors of z?
3, 23
Let w(f) = f - 15. Let a be w(10). Let g(m) = m + 9. Let n be g(a). Let h = n - -7. List the prime factors of h.
11
Let f = 826 + -22. What are the prime factors of f?
2, 3, 67
Let p be (3/1)/(-4 - 2387/(-602)). Let n = 118 - p. What are the prime factors of n?
2, 3, 17
Suppose -5*f + 1573 = 183. Let m = -145 + f. What are the prime factors of m?
7, 19
Let t(l) = -902*l + 10. Let k be t(-1). Suppose 0 = 28*f - 20*f - k. List the prime factors of f.
2, 3, 19
Suppose 8*f - 1470 = 5018. What are the prime factors of f?
811
Let g = 152 - 108. Let o = 100 - g. What are the prime factors of o?
2, 7
Let h(g) = g**2 - 18*g + 19. Let m be h(22). Let a = -76 + m. What are the prime factors of a?
31
Let a(p) be the second derivative of p**5/20 + p**4 - 17*p**3/6 - p**2 - 13*p. What are the prime factors of a(-13)?
2, 5
Suppose -14220 = -110*q + 95*q. List the prime factors of q.
2, 3, 79
Let v be 1*(3 - (-2 - -2)) - 2. List the prime factors of 9/3*524/12 + v.
2, 3, 11
Let c(h) = -h**3 + 14*h**2 + 3*h + 12. Let j(g) = -g**3 + 3*g**2 + 3*g. Let m be j(-2). What are the prime factors of c(m)?
2, 3
Let x = -21 + 21. Suppose x = -3*w + 4*r + 14, -2*w - 2*r = -7*r - 14. Suppose -3*m + w*t + 77 = 0, -4*m - 2*t + 120 = 22. What are the prime factors of m?
5
Suppose -4*d + 6000 = 4*c - 8*d, 0 = -5*c - d + 7524. What are the prime factors of c?
2, 47
Let x = 1279 - 453. List the prime factors of x.
2, 7, 59
Let d = -8 + 10. Suppose -3*r - q + 127 = 0, -2*q = -d - 0. Suppose 3*b - r = -2*v, 8*b - 61 = -3*v + 4*b. What are the prime factors of v?
3, 5
Let q = 8912 - 4950. List the prime factors of q.
2, 7, 283
Let v = 19 + 311. Suppose -v + 20 = -2*m. List the prime factors of m.
5, 31
Suppose m - 578 = -76. List the prime factors of m.
2, 251
Suppose -4*c = -4*f - 2956, -13*c + 8*c - 4*f = -3740. What are the prime factors of c?
2, 3, 31
Let p = 23 - 30. List the prime factors of 663/7 + 19/p + 3.
5, 19
Let g = -350 - -201. Let s = -104 - g. List the prime factors of s.
3, 5
Suppose 0 = -3*j - 1049 + 1862. List the prime factors of j.
271
Suppose 3*i - 5*m = 14, 3*m + 6 + 14 = -4*i. What are the prime factors of (220/i)/(-2) + 1?
2, 7
Let y = 1 + -1. Suppose d - 3*n - 8 - 12 = y, 2*n = -2*d + 24. Let k = d - 10. What are the prime factors of k?
2
Let o be -3*((-96)/(-9))/4. Let t be (-14)/o - (-66)/(-88). List the prime factors of (t - 2)/(1/(-21)).
3, 7
Suppose a - 3 = 2*z, -3 - 23 = -4*a + z. Suppose -a*k + 4*k + 12 = 0. Suppose -k = -2*n + 2, -y - 5*n = -60. What are the prime factors of y?
3, 5
Let x(m) = 4*m + 624. What are the prime factors of x(0)?
2, 3, 13
Let q = -148 + 389. Let d = -109 + q. What are the prime factors of d?
2, 3, 11
Suppose -p - n = -217, -4*p + 631 = -4*n - 269. What are the prime factors of p?
13, 17
Let p = -1 - -4. Let a be ((-248)/10)/(p/(-15)). Suppose 3*w - 7*w + a = 5*n, -3*n + w = -71. List the prime factors of n.
2, 3
What are the prime factors of ((-6)/8)/(18/(-75120))?
2, 5, 313
What are the prime f